{"id":26,"date":"2021-06-19T19:34:39","date_gmt":"2021-06-19T19:34:39","guid":{"rendered":"https:\/\/michaelgrob.ch\/bewegtbild\/about\/"},"modified":"2021-06-19T22:45:13","modified_gmt":"2021-06-19T22:45:13","slug":"about","status":"publish","type":"page","link":"https:\/\/michaelgrob.ch\/bewegtbild\/about\/","title":{"rendered":"\u00dcBER UNS"},"content":{"rendered":"\n\n\n\n\u00dcBER UNS\n\n\n\n\n\n\nIMPRESSUM\n\n\n<p style=\"font-size: 14px\">Bewegtbild ist ein Verein zur F\u00f6rderung des unabh\u00e4ngigen Filmschaffens in der Schweiz. \u00dcber diese Website werden keine kommerziellen T\u00e4tigkeiten gef\u00fchrt, sie dient rein Informationszwecken. Es werden keine Nutzerdaten gesammelt.&nbsp;<\/p><p style=\"font-size: 14px\">Betreuer der Website: Michael Grob, Dorfstrasse 65, 3534 Signau<\/p><p style=\"font-size: 14px\"><a href=\"mailto:michael@bewegtbild.ch\">Michael (at) bewegtbild.ch<\/a><\/p>\n\n\n\n\n\n\n\n\n\n\n","protected":false},"excerpt":{"rendered":"","protected":false},"author":0,"featured_media":0,"parent":0,"menu_order":0,"comment_status":"closed","ping_status":"closed","template":"","meta":{"footnotes":""},"class_list":["post-26","page","type-page","status-publish","hentry"],"_links":{"self":[{"href":"https:\/\/michaelgrob.ch\/bewegtbild\/wp-json\/wp\/v2\/pages\/26","targetHints":{"allow":["GET"]}}],"collection":[{"href":"https:\/\/michaelgrob.ch\/bewegtbild\/wp-json\/wp\/v2\/pages"}],"about":[{"href":"https:\/\/michaelgrob.ch\/bewegtbild\/wp-json\/wp\/v2\/types\/page"}],"replies":[{"embeddable":true,"href":"https:\/\/michaelgrob.ch\/bewegtbild\/wp-json\/wp\/v2\/comments?post=26"}],"version-history":[{"count":4,"href":"https:\/\/michaelgrob.ch\/bewegtbild\/wp-json\/wp\/v2\/pages\/26\/revisions"}],"predecessor-version":[{"id":80,"href":"https:\/\/michaelgrob.ch\/bewegtbild\/wp-json\/wp\/v2\/pages\/26\/revisions\/80"}],"wp:attachment":[{"href":"https:\/\/michaelgrob.ch\/bewegtbild\/wp-json\/wp\/v2\/media?parent=26"}],"curies":[{"name":"wp","href":"https:\/\/api.w.org\/{rel}","templated":true}]}}